uppose d - 4 + 29 = -5*g, -2*d - 32 = 4*g. Let r be (-11)/(((-45)/d)/(-9)). Let v = r - 3. Calculate the highest common divisor of 114 and v.
19
Suppose 2*u = -2*n + 390, -u = -5*n - 4*u + 979. Suppose -n = -4*k + 27. Suppose 8*w - 253 + 141 = 0. Calculate the greatest common divisor of k and w.
14
Let v = -43249 + 84959. Calculate the highest common divisor of v and 194.
194
Suppose w = -1, -268 = o + 2*w - 389. What is the greatest common factor of o and 2173?
41
Suppose 2*j + 2*k - 17946 + 5386 = 0, -5*j + 31320 = -5*k. What is the highest common divisor of j and 576?
64
Suppose 147*a + 33 = u + 149*a, 0 = 5*u - a - 99. Calculate the highest common divisor of 2037 and u.
21
Let j(z) = 4*z**3 - z**2 + 1. Let t be j(1). Suppose -124 = t*x + 5*c, -4*x - 3*c - 90 = -x. Let s = -2 - x. Calculate the highest common factor of 3 and s.
3
Suppose 3*t - o = 557, -4*t + 0*t = -4*o - 732. Let n(m) = 2*m**3 - 43*m**2 + 152*m + 28. Let b be n(17). What is the greatest common factor of t and b?
11
Suppose -9 = 2*a - 15. Suppose a*q + 15 = -0*q - 3*f, 5*q + 3*f + 21 = 0. Let u be 40/q*396/(-48). What is the greatest common factor of 44 and u?
22
Let i(g) = -636*g - 271. Let c be i(-2). What is the highest common divisor of c and 2548?
91
Let b(v) = 4*v**2 + 28*v + 8. Let o be b(-8). Let d(q) = q**2 + 39*q - 40. Let t be d(-44). Calculate the greatest common factor of o and t.
20
Let y(j) = 5012*j + 423. Let s be y(2). What is the highest common divisor of 62 and s?
31
Suppose z = -u + 187, 4*z - 3*u - 209 = 532. Suppose -z*c = -185*c - 126. What is the greatest common divisor of c and 28?
14
Let v be 2640/2 + 11*162/198. What is the highest common divisor of 6 and v?
3
Let a = -24 + 33. Suppose -g = -a + 1. Suppose -2*m + d + 45 + 2 = 0, -122 = -5*m - 2*d. What is the greatest common factor of m and g?
8
Let d be (-4)/(-14) - (282/(-42) - -1). Suppose 2*w = -2, -2*n - 4*w + 566 = 3*n. What is the greatest common factor of n and d?
6
Suppose 64*n - 1293 = 755. What is the highest common divisor of n and 2832?
16
Let v = 3793 - 2749. What is the highest common factor of v and 72?
36
Let y = -5 + 21. Suppose 14 - 89 = -3*l. Suppose c - l = 5*d, 3*c = -4*d - 0 + 132. What is the greatest common factor of y and c?
8
Suppose 13*a - 19975 = 8*a - 2*p, -4*a - 4*p = -15992. Calculate the greatest common divisor of a and 3.
3
Let k be 122*(-4 - -3)/((-2)/11). Let v = -7231 - -7353. What is the highest common divisor of k and v?
61
Let f be (((-126)/6)/1)/((-141)/188). Suppose 3*i - w = i + 446, 4*i + 4*w = 904. Calculate the highest common divisor of f and i.
28
Let x = 4317 + -3001. Let m be (x/12)/((-4)/(-12)). What is the greatest common divisor of m and 47?
47
Suppose 0 = 4*d + 5*z - 1800, 494 = -4*d + z + 2294. What is the highest common divisor of 110 and d?
10
Let k be ((-176)/33 + 11 + -5)/(1/6). Calculate the highest common divisor of 716 and k.
4
Suppose d - a + 3 = 0, -4*d + 22*a = 25*a - 2. Let c be (-5)/(35/(-7)) - d. Calculate the greatest common divisor of 34 and c.
2
Let p(i) = -683*i - 40. Let l be p(-7). Calculate the highest common divisor of 22 and l.
11
Suppose -2932 = -108*c + 848. What is the greatest common factor of c and 95?
5
Let p(a) = 9*a**2 + 49*a + 8. Suppose -27*w - 4*v = -24*w + 26, -16 = 2*w + 2*v. Let k be p(w). What is the highest common divisor of 57 and k?
19
Suppose 4*z - k - 15383 = 0, 4*z - 4*k = 7718 + 7662. Calculate the highest common divisor of z and 6.
6
Let c be -9*(1 - 71/3). Suppose 124*z + 48*z + 786 - 14322 = -110*z. Calculate the greatest common factor of z and c.
12
Let m(w) = 100*w**3 - w**2 + 3*w - 9. Let p be m(2). Let f = p - 768. What is the highest common factor of 700 and f?
25
Let r = -45 + 50. Suppose -2*f = r - 69. Let g = f - 18. What is the greatest common factor of 14 and g?
14
Suppose 3*z = -i + 4822, 5*z - 6442 = z + 5*i. Calculate the greatest common divisor of 24 and z.
24
Suppose 23 = 3*x - j, 5*j + 14 = 4*x - 24. Suppose -248 = -2*r - 6*q + 2*q, 2*r = -q + 230. Calculate the highest common divisor of r and x.
7
Suppose -4*f = -2*b - 88, -40 + 8 = -2*f - 5*b. Suppose 938 = f*m - 7*m. Calculate the greatest common divisor of 1273 and m.
67
Suppose 0*g - 7*g = -1435. Calculate the greatest common divisor of 861 and g.
41
Suppose -6*x + 3*r = -1035, 2*x + 10*r = 7*r + 317. What is the highest common divisor of x and 377?
13
Suppose -5*k + 139 = 34. Suppose 5*i + 93 = 4*m, -13*i + 70 = 5*m - 10*i. Let q be (17/m)/(1/7). What is the highest common factor of k and q?
7
Suppose -15 = 5*z, -4*f + 17 + 11 = -4*z. Suppose -f*n + n = -4*c + 64, -3*n = -c + 52. Let t be 1350/48 - (-2)/n. What is the highest common factor of t and 7?
7
Let v = 7715 - 4299. Calculate the greatest common divisor of 112 and v.
56
Suppose -60*a + 2199 + 977 - 416 = 0. Let l(h) = 4*h + 138. Let i be l(0). Calculate the highest common factor of a and i.
46
Let v = -285 + 138. Let r = v + 157. What is the greatest common factor of r and 170?
10
Let v be (46/(-14) - -3) + (-653)/(-7). Suppose 5*p = 2*f + 88, -37 + v = 3*p - 2*f. Suppose -2*t = -80 + p. What is the highest common divisor of t and 4?
4
Suppose -12 = 10*t - 32. Suppose 4*d = v + 1556, -2*d + 788 = -t*v + 4*v. Calculate the highest common divisor of d and 60.
30
Suppose 5*o + 246 = 4*b - 278, -626 = -5*b - o. What is the greatest common factor of 13734 and b?
126
Let s = 21 + -6. Suppose -26 = -5*h + 19. Suppose -18 = h*u - 12*u. Calculate the highest common factor of s and u.
3
Let a = 119 - 68. Let i = -55 + a. Let z be i + 0 - -6 - -25. What is the highest common divisor of 27 and z?
27
Suppose -2*q + 10 = -q. Let m(a) be the second derivative of a**4/4 - 7*a**3/2 - 664*a. Let g be m(q). Calculate the greatest common factor of 135 and g.
45
Let j be (-14)/(-12) + 131863/174. What is the greatest common divisor of 264 and j?
33
Suppose -441*m = -409*m - 191168. What is the highest common divisor of 58 and m?
58
Let x(z) = 12*z + 484. Let u be x(2). Calculate the greatest common factor of u and 127.
127
Suppose -3*u = 4*g - 154315, -191474 = 7*g - u - 461569. Calculate the greatest common divisor of g and 13.
13
Let k(y) = -11*y**3 - 2*y**2 - 2*y - 1. Let s be k(-1). Let p(j) = j**2 + 72*j + 1602. Let b be p(-58). What is the highest common divisor of b and s?
10
Suppose -139 - 69 = -13*a. What is the highest common divisor of a and 35888?
16
Let g(j) = -249*j - 113. Let h = 392 + -394. Let x be g(h). What is the highest common factor of 105 and x?
35
Let b = 11761 + 5742. What is the highest common divisor of b and 23?
23
Suppose 5*a - 65 = -3*k, -a = 4*k - 60 - 21. Let z = -90060 + 90070. Calculate the greatest common divisor of k and z.
10
Let l be (-6)/(15/(-25) - ((-6304)/5320)/2). Calculate the greatest common factor of 2527 and l.
133
Let j = -6 - -9. Suppose j*s = s + 18. Let n be (2 - -1)/((-4)/(-120)*10/16). Calculate the highest common divisor of s and n.
9
Suppose -5*z + f + 18388 = 0, 0 = -f - 601 + 603. Calculate the greatest common divisor of z and 6.
6
Let c(y) = -35*y**3 - 3*y**2 + 7*y + 15. Let a be c(-3). Suppose -472*t - a = -478*t. What is the highest common divisor of 8 and t?
8
Let k(c) be the first derivative of -7*c**2/2 + 28*c + 62. Let g be k(-8). What is the greatest common divisor of g and 63?
21
Let o be (-7*12/(-28) - 5) + 3 - -126. What is the highest common divisor of o and 8128?
127
Suppose 0 = -2*m - 4*x + 401 + 51, -3*x = -5*m + 1065. Let r = m + -158. What is the greatest common divisor of r and 58?
58
Let v be 69/(-115) + (-9)/(-15). Suppose -82*q + 83*q - 360 = v. What is the highest common divisor of q and 72?
72
Let d(r) = 81*r - 912. Let k be d(12). Calculate the highest common divisor of 135 and k.
15
Let k(t) = -t**2 - 10*t - 5. Let z be k(-7). Let j be z/3 - -14*(-4)/42. What is the highest common factor of 4 and j?
4
Let t be (-23592)/(-7) - ((-122)/14 + 9). What is the greatest common divisor of t and 10?
10
Let y(o) = -10*o + 37. Let j be y(-5). Let g be (3/9)/((-86)/j + 1). What is the greatest common factor of g and 261?
29
Let x(a) = -17*a + 1. Suppose 4*p = -0*f + 4*f - 84, 45 = 2*f - p. Let n be (2/(-4))/(12/f). Let z be x(n). Calculate the greatest common divisor of 27 and z.
9
Let y = -2464 + 2482. Calculate th